.
0
Let g(y) be the second derivative of 3*y**5/20 + y**4/12 + y**3/6 - y**2/2 + 20*y + 1. What is g(-2)?
-23
Let o(l) = 7*l - 2. Let d(v) = 36*v - 9. Let m(b) = 4*d(b) - 21*o(b). Determine m(9).
-21
Let g(w) = 2*w**2 - 9*w - 4. Let j(b) = -3*b**2 + 10*b + 4. Let q(r) = 4*g(r) + 3*j(r). Let s = -18 + 12. What is q(s)?
-4
Let b(i) = i**3 - i + 6. Suppose -5*r + k = -3*k, 2*r + 5*k = 0. Suppose r = -2*j + 9*j. Calculate b(j).
6
Let o(n) be the second derivative of n**5/20 - n**3/6 + n**2 - 55*n. Determine o(0).
2
Suppose -76*p = -121*p - 270. Let w(a) = -a**3 + 4*a**2 - 3*a + 3. Let h be w(3). Let i(t) = -3*t**3 + 5*t**h + 6*t**2 - t**3 + 6. Give i(p).
6
Let c(d) = d**3 + 29*d**2 + 102*d + 49. Let x be c(-25). Let p(o) = o + 1. Let i(l) = 10*l**2 - 2*l - 1. Let h(u) = i(u) + p(u). What is h(x)?
11
Let d(s) be the second derivative of s**4/12 - 13*s**3/6 + 11*s**2/2 + 40*s. Give d(12).
-1
Suppose 2*d + 4*p = -8, 0 = 2*d + p + 1 + 1. Let w be -12*(2 + -3)/2. Let b(x) = -8 + 0 + 2*x**3 + d*x**2 - x**3 + w*x**2. Give b(-6).
-8
Let s(h) = h**3 - h**2 - 9*h + 1. Let m = 13 - 10. Let i(r) = -5*r**2 - 2 + 16*r + 3*r**2 - 2*r**3 + 4*r**2 + m*r. Let w(u) = 6*i(u) + 13*s(u). Give w(2).
-1
Suppose 160*m - 118*m - 210 = 0. Let q(l) = -4*l - 7. Give q(m).
-27
Let j = 241 + -244. Let o(b) = -2*b**2 - 2*b - 1. Give o(j).
-13
Let b(k) = -2*k + 6. Let v(r) = 7 - 9*r + 4*r + 0*r + r**2 + r. Let c be v(3). Calculate b(c).
-2
Let q(f) be the first derivative of 3*f**2 + 3*f + 9. What is q(-1)?
-3
Let l(z) = -1 - 2*z**2 + 3*z**2 - 2*z**2. Let r(h) = h**3 + 5*h**2 - 2*h + 7. Suppose 13*m + 15 - 2 = 0. Let i(w) = m*r(w) - 4*l(w). Calculate i(-3).
9
Suppose -7*o = 13*o - 80. Let f(y) = -y**2 + 7. What is f(o)?
-9
Let q(y) = 2*y**3 - 2*y**2 + 4*y - 2. Let b be 8/(-3)*(27/(-6))/3. Suppose 23 = b*m - 3*h, -11 = -3*m - 3*h + 4*h. Calculate q(m).
14
Let h(a) = -6*a**2 - 2 - 35*a - 2*a**2 + 2*a**2 + 38*a + 0*a**2. Calculate h(2).
-20
Let t(w) = -w**3 - 6*w**2 + 16*w - 4. Let v(r) = 2*r**3 + 20*r**2 + r + 2. Let i be v(-10). Give t(i).
-4
Let z(v) = v**3 - 83*v - 228. Let r be z(-3). Let l = -5 - -8. Let m(a) = 7*a + 1 + 4*a**3 + 8*a**2 - l*a**3 + 2*a. What is m(r)?
19
Let t(u) = 9*u - 1. Let d(k) = -19*k + 3. Let y(c) = -2*d(c) - 5*t(c). Suppose 0 = -4*x - 8 + 20, 4*x - 15 = -3*f. Determine y(f).
-8
Suppose v = 4*k - 22, 3*v + 6 = 2*k + 5*v. Let i(b) = 6*b + 42. Let x be i(-6). Let y(q) = -q + 15. Let m(l) = 1. Let s(u) = x*m(u) - y(u). Determine s(k).
-4
Let c(g) = 16144 - 16139 - 2*g**2 + 4*g**2 + 8*g. Give c(-4).
5
Let h(r) = -5*r + 0*r**2 + r**2 - 3*r**2 + 3. Let f = 16 - 17. Let c be f/(-2)*-2 + -3. Determine h(c).
-9
Let g(p) = p**3 + 4*p**2 + 4*p + 3. Suppose 6 = 7*k - 29. Suppose 3*c = 4*c + 3*w - 10, -k*c - 5*w + 10 = 0. Calculate g(c).
3
Let k(c) = -c**3 + 7*c**2 - 4*c + 9. Let j(b) = -b**2 + 16*b - 54. Let n be j(10). Determine k(n).
21
Let z(c) = c**2 - 6*c - 10. Let b(q) = q**2 - 27*q + 170. Let d be b(18). Calculate z(d).
6
Let o(l) = l**2 - l - 2. Let k be ((-58)/145)/(((-2)/2)/5). Calculate o(k).
0
Suppose 18*s = 14*s + 16. Let r(z) = -27*z - s + 40*z - 16*z. Calculate r(-3).
5
Suppose 0 = 13*a - 66 - 12. Let n(u) = -3*u + 0*u + 5 + 2*u. What is n(a)?
-1
Let f(i) = -i**3 + 19*i**2 + 5. Let s(a) = -a**3 - 2*a**2 + 5*a + 7. Let j be s(-4). Let m be f(j). Let k(r) = r**2 - 7*r - 1. What is k(m)?
-11
Let c = -392 + 394. Let i(g) be the second derivative of 0 + 1/20*g**5 + g**c - 1/12*g**4 - 5/6*g**3 - 3*g. Determine i(3).
5
Let l(v) be the first derivative of -6*v - 1/4*v**4 + 0*v**2 - 32 - 1/3*v**3. Determine l(0).
-6
Let t = 22 + -17. Let g be 18/(-15)*t/2. Let y(j) = -j**3 - 2*j**2 - 4. Give y(g).
5
Let m(h) be the first derivative of h**7/840 - 7*h**6/360 + h**5/24 - 7*h**4/24 - 8*h**3/3 - 3. Let g(o) be the third derivative of m(o). Calculate g(6).
-13
Let t be -108*1/(0 - -2). Let w = t + 60. Let b(d) = -2*d + 5. What is b(w)?
-7
Let f(q) be the third derivative of q**4/24 - 7*q**3/6 - 523*q**2. Suppose 0 = 5*m - 2 + 7. Let r = m - -1. Determine f(r).
-7
Let p = 26 - 29. Let n be p - -3*(-5)/(-3). Let s(m) = 2*m**2 - 10 + m**3 - 1 - 7*m + 3*m**2 + n. Determine s(-6).
-3
Let k = -1247 - -1252. Let z(c) = c**3 - 4*c**2 - 6*c + 7. Give z(k).
2
Let f be 14 + 3 + (7 - 19). Let o(n) be the first derivative of f + 1/2*n**2 + 0*n. Calculate o(5).
5
Let m(y) = -y**3 - 2*y**2 + y - 2. Let s be m(-3). Let t(l) = -10665 - 4*l**2 + 10668 - 3*l**3 + 4*l**3. Give t(s).
3
Let i(a) = 2*a**3 - 3*a**2 + 2*a - 2. Let d be (-9)/(-9 - -6) + 0 + -1. Calculate i(d).
6
Let t(q) = -q - 15. Let g(i) = 2*i + 28. Let k(x) = -g(x) - 3*t(x). Determine k(-5).
12
Let j(q) = q**2 - 81*q + 887. Let o be j(13). Let y(d) be the first derivative of -2/3*d**3 + o*d + 5/2*d**2 - 1/4*d**4 + 12. What is y(-3)?
-3
Let j(d) = d**3 + 4*d - 5. Let q(y) = -y + 1. Let s(v) = -j(v) - 6*q(v). Determine s(-2).
3
Let w(c) = 31*c**2 - 3*c - 43. Let m(j) = -11*j**2 + j + 15. Let a(t) = -17*m(t) - 6*w(t). What is a(2)?
9
Let j(x) be the second derivative of -x**5/20 - x**4/6 + x**2 - x. Suppose -39 = -4*w - 3*d - 10, 4*d = -2*w + 22. Suppose w*m + 9 = -6. Give j(m).
11
Let n(b) = 6*b**2 + 1. Let z be (2 + 0 + -2)*-1. Suppose 3*q + 48 = -z*q. Let l = -15 - q. Give n(l).
7
Let l(p) be the third derivative of p**5/60 + 7*p**4/24 + 5*p**3/3 - 14*p**2 + 2. Give l(-8).
18
Suppose 0 = 3*f - g + 1 - 0, -2*g - 2 = -2*f. Let i(c) be the first derivative of -5*c**4/12 - 3*c**2 + 1. Let n(r) be the second derivative of i(r). Give n(f).
10
Let p(j) = -11*j + 1. Let w be p(1). Let m = 11 + w. Let x(u) = -1 + 0 - 4 + u**2 - m - 4*u. Give x(5).
-1
Let w(o) = -1250 + 1249 + 3*o - 3*o**2 - 3*o - 2*o. Determine w(3).
-34
Let v be 1 - (-3)/(0 - -3). Suppose -2*o + 6 = 0, 5*x + 9 = -3*o - v. Let q(j) = j**3 + 4*j**2 - 2*j - 2. Determine q(x).
6
Let d(o) = -22*o + 3. Suppose 0 = -20*f + 17*f + 6. Determine d(f).
-41
Let r = 2423 - 2437. Let a(l) = -l - 14. Give a(r).
0
Let i(o) be the third derivative of -o**4/3 + o**3 - 94*o**2. What is i(2)?
-10
Let w(q) = -2*q**2 + 28*q - 6. Let g be w(14). Let n = g - -8. Let o(k) be the first derivative of k**4/4 - 2*k**3/3 - k + 1. Determine o(n).
-1
Let n(t) = t**2 + t - 4. Suppose -7*g = 323 - 8. Let f = -36 - g. Let v be ((-3)/(-9))/((-1)/f). Calculate n(v).
2
Suppose 2*y = -c + 11, 1 - 6 = c. Let d(k) be the second derivative of y*k + 0 - 1/3*k**3 - 9/2*k**2. Calculate d(-6).
3
Let n = -3 + 6. Let c(l) = l**2 - 8*l + 3. Let w be c(n). Let t = -12 - w. Let r(x) = -x - 7. Give r(t).
-7
Let g(w) = -32*w**2 + w + 6*w - 2*w**3 + 1 - 4*w + 34*w**2. Determine g(-2).
19
Let b(n) = -n**2 + 10*n - 9. Let u be b(6). Let i(y) = 6 - u + 7*y - 2*y. Let r(o) = -o + 2. Let w(k) = 2*i(k) + 11*r(k). Calculate w(-4).
8
Suppose 5*m - 78 = -23. Let u be ((-16)/10)/(m/(-55)). Suppose -12 + 36 = -u*i. Let r(s) = s**2 + 3*s - 4. Give r(i).
-4
Let y(n) = 3*n**3 - 11*n**2 + 29*n**2 - 2*n**3 + 0*n - 8*n**2 - 12*n. What is y(-11)?
11
Let t(x) be the third derivative of 5/3*x**3 - 1/120*x**5 + 0*x + 0 - 7*x**2 + 1/12*x**4. Let c(l) be the first derivative of t(l). Give c(0).
2
Let k(u) = -3*u**3 + u**2 - 1. Let x = 13 - 7. Suppose -2*t = -0*t - 5*h + x, h = -2*t - 6. Let y be ((-3)/(-9))/(t/(-9)). Calculate k(y).
-3
Let d(o) = 31*o**2 - o - 1. Let q = 127 - 128. Calculate d(q).
31
Let w(f) = 32*f**3 + 7*f. Let o(z) = 48*z**3 + 10*z. Let g(j) = 5*o(j) - 7*w(j). Let r(u) = -u - 15. Let d be r(-16). Give g(d).
17
Let j(k) be the second derivative of k**5/20 - 7*k**4/6 + k**3/6 - 3*k**2/2 - 173*k. What is j(14)?
11
Let f = -27 - -41. Let u(c) = c + 31*c**2 + 0*c + 0*c**2 - f*c**2. Calculate u(1).
18
Let q(n) = 2*n**2 - 22*n + 15. Let g be q(10). Let w(p) = p**2 + 4*p - 7. Calculate w(g).
-2
Let l(k) = -k**3 + 4*k**2 - 5*k + 3. Suppose w = 4*r - w - 24, 0 = -4*r - 3*w + 4. Calculate l(r).
-17
Suppose 6*s - 64 = 8*s. Let o = s + 32. Let k(a) = a + 5. Calculate k(o).
5
Let j(l) = -4*l**3 - l. Suppose -90*k + 93*k = -3. What is j(k)?
5
Let w = -1 - -2. Let f(q) = -22*q - 15. Let g(i) = -12*i - 8. Let n(l) = 3*f(l) - 7*g(l). Let s(v) = -18*v - 9. Let c(o) = 4*n(o) + 5*s(o). Calculate c(w).
-19
Suppose -4*o = 3*h + h + 20, h = 3. Let x(c) = -c**3 - 8*c**2 + 4*c - 3. Give x(o).
-35
Let s(r) = -r**2 - 38 + 5*r - 42 + 78. Let 